
7
What is the highest common factor of 378 and 213801?
21
What is the highest common factor of 10675 and 575?
25
What is the greatest common divisor of 25470 and 5377?
283
What is the greatest common factor of 1736 and 181784?
248
Calculate the greatest common factor of 8489 and 416.
13
Calculate the highest common divisor of 115 and 68333.
23
Calculate the highest common factor of 4142 and 3116.
38
What is the greatest common factor of 3991 and 234?
13
What is the greatest common factor of 1980 and 12595?
55
What is the greatest common factor of 53708 and 348?
116
What is the greatest common divisor of 290577 and 2055?
411
What is the greatest common divisor of 202560 and 128?
64
What is the greatest common factor of 1518 and 3091?
11
What is the greatest common factor of 60452 and 952?
476
What is the highest common divisor of 572 and 402376?
52
What is the greatest common factor of 23490 and 18660?
30
Calculate the greatest common factor of 7733 and 19943.
407
Calculate the highest common factor of 15697 and 209.
11
Calculate the highest common divisor of 886 and 718546.
886
Calculate the greatest common divisor of 45630 and 36.
18
Calculate the greatest common divisor of 134 and 446.
2
What is the highest common divisor of 14564 and 9900?
44
What is the highest common divisor of 44580 and 4980?
60
Calculate the highest common divisor of 238 and 19978.
14
What is the highest common factor of 21 and 1377264?
21
What is the highest common divisor of 68895 and 90?
45
What is the greatest common divisor of 329 and 475781?
47
Calculate the greatest common factor of 1764 and 20433.
147
What is the greatest common factor of 4 and 53332?
4
What is the greatest common factor of 1208 and 295658?
302
What is the greatest common factor of 900828 and 27?
27
Calculate the greatest common divisor of 403142 and 38.
38
Calculate the highest common factor of 103824 and 72.
72
What is the highest common factor of 2832 and 2656?
16
Calculate the highest common factor of 16185 and 12285.
195
Calculate the highest common factor of 12267 and 4350.
87
Calculate the greatest common factor of 357 and 3111.
51
Calculate the greatest common factor of 56 and 124180.
28
Calculate the highest common divisor of 162 and 996462.
162
Calculate the highest common divisor of 302040 and 2340.
180
What is the greatest common divisor of 5049 and 41283?
297
Calculate the greatest common divisor of 39 and 3848.
13
What is the greatest common divisor of 127 and 1239139?
127
What is the greatest common divisor of 16752 and 3600?
48
What is the greatest common factor of 189 and 59319?
27
Calculate the highest common factor of 589332 and 4020.
804
Calculate the greatest common factor of 792804 and 24.
12
Calculate the greatest common divisor of 1188 and 576.
36
What is the greatest common divisor of 576 and 2385072?
144
Calculate the highest common factor of 1807 and 208.
13
Calculate the highest common divisor of 19454 and 2556.
142
Calculate the highest common divisor of 11421 and 2256.
141
What is the highest common factor of 113 and 175037?
113
Calculate the greatest common divisor of 40 and 254770.
10
What is the highest common divisor of 460 and 440?
20
What is the highest common divisor of 475 and 28325?
25
What is the greatest common divisor of 5268991 and 91?
91
Calculate the greatest common divisor of 908216 and 8.
8
What is the greatest common divisor of 72 and 195849?
9
Calculate the greatest common divisor of 1240 and 4185.
155
What is the highest common divisor of 10916375 and 575?
575
Calculate the highest common factor of 2899175 and 4450.
2225
Calculate the greatest common factor of 17 and 721174.
17
What is the greatest common divisor of 786 and 472386?
786
Calculate the highest common divisor of 1520 and 150670.
190
What is the highest common divisor of 57318 and 615?
123
What is the greatest common factor of 318 and 78?
6
Calculate the highest common divisor of 831 and 1746762.
831
What is the highest common factor of 2652 and 24?
12
Calculate the highest common divisor of 793 and 97173.
61
What is the greatest common divisor of 23 and 98831?
23
What is the highest common factor of 73829 and 1484?
371
Calculate the greatest common divisor of 95 and 1089365.
95
Calculate the greatest common factor of 30 and 61935.
15
Calculate the highest common divisor of 48 and 40560.
48
Calculate the greatest common factor of 602 and 33376.
14
Calculate the highest common divisor of 13 and 257309.
13
What is the highest common factor of 41650 and 38080?
1190
What is the greatest common divisor of 2576 and 4991?
161
Calculate the greatest common divisor of 1532 and 20504288.
1532
Calculate the greatest common factor of 6252488 and 176.
88
Calculate the highest common divisor of 7558 and 16.
2
Calculate the greatest common divisor of 2223 and 311714.
247
Calculate the greatest common factor of 184 and 93334.
46
What is the greatest common factor of 6604 and 4238?
26
Calculate the highest common divisor of 228 and 12141.
57
What is the highest common divisor of 8 and 133916?
4
What is the greatest common factor of 270 and 2355?
15
Calculate the highest common factor of 1176 and 112908.
12
Calculate the greatest common divisor of 132 and 187638.
66
What is the greatest common factor of 968 and 648?
8
What is the greatest common divisor of 1152 and 4128?
96
Calculate the highest common factor of 5372 and 2449.
79
What is the greatest common divisor of 28556 and 14036?
484
What is the greatest common divisor of 7633 and 75881?
449
Calculate the highest common factor of 6 and 71598.
6
What is the greatest common factor of 351833 and 257?
257
Calculate the highest common divisor of 55190 and 70.
10
Calculate the highest common divisor of 924 and 77028.
84
Calculate the greatest common divisor of 282064 and 122.
122
What is the greatest common factor of 1395 and 13320?
45
What is the highest common factor of 48161 and 51?
17
Calculate the highest common divisor of 6528 and 69888.
384
Calculate the highest common divisor of 1038 and 307594.
346
What is the greatest common divisor of 39768 and 552?
24
What is the greatest common factor of 24 and 6105048?
24
What is the greatest common divisor of 9160 and 3928?
8
Calculate the highest common divisor of 516300 and 2400.
300
What is the greatest common divisor of 645 and 11696?
43
Calculate the highest common divisor of 275916 and 60.
12
What is the greatest common divisor of 158 and 196?
2
Calculate the greatest common factor of 729477 and 84.
21
Calculate the highest common factor of 10305 and 45.
45
Calculate the greatest common divisor of 177 and 430228.
59
What is the highest common divisor of 440936 and 8?
8
Calculate the highest common factor of 490256 and 72.
8
Calculate the greatest common factor of 183426 and 456.
114
Calculate the highest common divisor of 43848 and 211584.
696
Calculate the highest common factor of 63999 and 117.
117
Calculate the greatest common divisor of 175338 and 594.
54
What is the greatest common factor of 35390 and 70?
10
What is the highest common divisor of 339343 and 976?
61
Calculate the highest common factor of 10317 and 912.
57
What is the greatest common divisor of 137 and 20687?
137
What is the greatest common divisor of 948 and 398792?
316
Calculate the greatest common divisor of 1070 and 4477094.
214
Calculate the greatest common factor of 424670 and 20.
10
What is the greatest common factor of 129928 and 8344?
1192
Calculate the highest common divisor of 26574 and 1648.
206
What is the greatest common factor of 41316 and 42?
6
Calculate the highest common factor of 136350 and 8910.
270
What is the greatest common divisor of 13363 and 157451?
581
What is the highest common factor of 14 and 8317?
1
Calculate the highest common factor of 6288 and 216.
24
Calculate the highest common divisor of 14448536 and 127.
127
Calculate the greatest common factor of 9261 and 4023.
27
Calculate the highest common factor of 749 and 889.
7
Calculate the greatest common divisor of 99 and 167517.
9
What is the greatest common factor of 2541 and 201663?
231
Calculate the greatest common factor of 114320 and 80.
80
Calculate the highest common factor of 1876 and 396908.
268
What is the greatest common divisor of 